{"id":662,"date":"2021-10-04T10:49:31","date_gmt":"2021-10-04T08:49:31","guid":{"rendered":"https:\/\/www.protezionecivilecalabria.it\/?page_id=662"},"modified":"2022-02-18T15:34:32","modified_gmt":"2022-02-18T14:34:32","slug":"aree-tematiche","status":"publish","type":"page","link":"https:\/\/www.protezionecivilecalabria.it\/?page_id=662","title":{"rendered":"Rischi"},"content":{"rendered":"\n<div class=\"wp-block-columns are-vertically-aligned-center\" data-block-type=\"core\">\n<div class=\"wp-block-column is-vertically-aligned-center\" data-block-type=\"core\">\n<figure class=\"wp-block-image size-large is-style-default\" data-block-type=\"core\"><img src=\"https:\/\/www.protezionecivilecalabria.it\/wp-content\/uploads\/9d6870890a00-13fb-ce11-e052-c92ee8b0\" alt=\"Sala operativa Protezione Civile\" class=\"wp-image-714\"\/><\/figure>\n<\/div>\n\n\n\n<div class=\"wp-block-column is-vertically-aligned-center\" data-block-type=\"core\">\n<p class=\"has-text-align-left\" data-block-type=\"core\"><p class=\"has-text-align-left\" style=\"text-align: justify;\"><span class=\"ILfuVd\"><span class=\"hgKElc\">Ai fini di <b>protezione civile<\/b>, il <b>rischio<\/b> \u00e8 rappresentato dalla possibilit\u00e0 che un fenomeno naturale o indotto dalle attivit\u00e0 dell&#8217;uomo possa causare effetti dannosi sulla popolazione, gli insediamenti abitativi e produttivi e le infrastrutture, all&#8217;interno di una particolare area, in un determinato periodo di tempo.<\/span><\/span><\/p><\/p>\n<\/div>\n<\/div>\n\n\n\n<hr class=\"wp-block-separator is-style-wide\"\/ data-block-type=\"core\">\n\n\n\n<div class=\"wp-block-columns\" data-block-type=\"core\">\n<div class=\"wp-block-column\" style=\"flex-basis:100%\" data-block-type=\"core\">\n<div class=\"wp-block-columns\" data-block-type=\"core\">\n<div class=\"wp-block-column\" data-block-type=\"core\">\n<div class=\"wp-block-image is-style-default\" data-block-type=\"core\"><figure class=\"aligncenter size-large is-resized\"><a href=\"https:\/\/www.protezionecivilecalabria.it\/?page_id=290\"><img loading=\"lazy\" src=\"https:\/\/www.protezionecivilecalabria.it\/wp-content\/uploads\/c0add6810100-4a1b-ce11-8798-7d6f3c53\" alt=\"\" class=\"wp-image-2967\" width=\"250\" height=\"167\"\/><\/a><\/figure><\/div>\n\n\n\n<p class=\"has-text-align-center\" data-block-type=\"core\"><strong><a href=\"https:\/\/www.protezionecivilecalabria.it\/?page_id=290\">Rischio Sismico<\/a><\/strong><\/p>\n<\/div>\n\n\n\n<div class=\"wp-block-column\" data-block-type=\"core\">\n<div class=\"wp-block-image is-style-default\" data-block-type=\"core\"><figure class=\"aligncenter size-large is-resized\"><a href=\"https:\/\/www.protezionecivilecalabria.it\/?page_id=3722\"><img loading=\"lazy\" src=\"https:\/\/www.protezionecivilecalabria.it\/wp-content\/uploads\/9d6870890a00-13fb-ce11-7798-b81ec58e\" alt=\"\" class=\"wp-image-2955\" width=\"250\" height=\"167\"\/><\/a><\/figure><\/div>\n\n\n\n<p class=\"has-text-align-center\" data-block-type=\"core\"><strong><a href=\"https:\/\/www.protezionecivilecalabria.it\/?page_id=3722\">Rischio meteo-idrico<\/a><\/strong><\/p>\n\n\n\n<p class=\"has-text-align-center\" data-block-type=\"core\"><\/p>\n<\/div>\n\n\n\n<div class=\"wp-block-column\" data-block-type=\"core\">\n<div class=\"wp-block-image is-style-default\" data-block-type=\"core\"><figure class=\"aligncenter size-large is-resized\"><a href=\"https:\/\/www.protezionecivilecalabria.it\/?page_id=301\"><img loading=\"lazy\" src=\"https:\/\/www.protezionecivilecalabria.it\/wp-content\/uploads\/9d6870890a00-13fb-ce11-7798-3cc2784b\" alt=\"\" class=\"wp-image-2947\" width=\"250\" height=\"167\"\/><\/a><\/figure><\/div>\n\n\n\n<p class=\"has-text-align-center\" data-block-type=\"core\"><a href=\"https:\/\/www.protezionecivilecalabria.it\/?page_id=301\"><strong><strong>Rischio sanitario<\/strong><\/strong><\/a><\/p>\n<\/div>\n<\/div>\n<\/div>\n<\/div>\n\n\n\n<div class=\"wp-block-columns\" data-block-type=\"core\">\n<div class=\"wp-block-column\" data-block-type=\"core\">\n<div class=\"wp-block-image is-style-default\" data-block-type=\"core\"><figure class=\"aligncenter size-large is-resized\"><a href=\"https:\/\/www.protezionecivilecalabria.it\/?page_id=2205\"><img loading=\"lazy\" src=\"https:\/\/www.protezionecivilecalabria.it\/wp-content\/uploads\/c0add6810100-4a1b-ce11-7798-3d2b4b3c\" alt=\"\" class=\"wp-image-2959\" width=\"250\" height=\"167\"\/><\/a><\/figure><\/div>\n\n\n\n<p class=\"has-text-align-center\" data-block-type=\"core\"><strong><a href=\"https:\/\/www.protezionecivilecalabria.it\/?page_id=2205\">Rischio maremoto<\/a><\/strong><\/p>\n<\/div>\n\n\n\n<div class=\"wp-block-column\" data-block-type=\"core\">\n<div class=\"wp-block-image\" data-block-type=\"core\"><figure class=\"aligncenter size-large is-resized\"><a href=\"https:\/\/www.protezionecivilecalabria.it\/?page_id=1631\"><img loading=\"lazy\" src=\"https:\/\/www.protezionecivilecalabria.it\/wp-content\/uploads\/9d6870890a00-13fb-ce11-6798-30e8e31d\" alt=\"\" class=\"wp-image-2939\" width=\"250\" height=\"167\"\/><\/a><\/figure><\/div>\n\n\n\n<p class=\"has-text-align-center\" data-block-type=\"core\"><strong><a href=\"https:\/\/www.protezionecivilecalabria.it\/?page_id=1631\" target=\"_blank\" rel=\"noreferrer noopener\">Rischio incendi boschivi<\/a><\/strong><\/p>\n\n\n\n<p class=\"has-text-align-center\" data-block-type=\"core\">&nbsp;<\/p>\n<\/div>\n\n\n\n<div class=\"wp-block-column\" data-block-type=\"core\">\n<div class=\"wp-block-image is-style-default\" data-block-type=\"core\"><figure class=\"aligncenter size-large is-resized\"><a href=\"https:\/\/www.protezionecivilecalabria.it\/?page_id=3901\"><img loading=\"lazy\" src=\"https:\/\/www.protezionecivilecalabria.it\/wp-content\/uploads\/9d6870890a00-13fb-ce11-8798-d19b8fc3\" alt=\"\" class=\"wp-image-2963\" width=\"250\" height=\"167\"\/><\/a><\/figure><\/div>\n\n\n\n<p class=\"has-text-align-center\" data-block-type=\"core\"><strong><a href=\"https:\/\/www.protezionecivilecalabria.it\/?page_id=3901\">Rischio vulcanico<\/a><\/strong><\/p>\n<\/div>\n<\/div>\n\n\n\n<div class=\"wp-block-columns\" data-block-type=\"core\">\n<div class=\"wp-block-column\" data-block-type=\"core\">\u00a0<\/div>\n\n\n\n<div class=\"wp-block-column\" data-block-type=\"core\">\n<div class=\"wp-block-image is-style-default\" data-block-type=\"core\"><figure class=\"aligncenter size-large is-resized\"><a href=\"https:\/\/www.protezionecivilecalabria.it\/?page_id=3929\"><img loading=\"lazy\" src=\"https:\/\/www.protezionecivilecalabria.it\/wp-content\/uploads\/c0add6810100-4a1b-ce11-7798-13d3295c\" alt=\"\" class=\"wp-image-2951\" width=\"250\" height=\"167\"\/><\/a><\/figure><\/div>\n\n\n\n<p class=\"has-text-align-center\" data-block-type=\"core\"><strong><a href=\"https:\/\/www.protezionecivilecalabria.it\/?page_id=3929\">Rischio ambientale<\/a><\/strong><\/p>\n<\/div>\n\n\n\n<div class=\"wp-block-column\" data-block-type=\"core\">\u00a0<\/div>\n<\/div>\n\n\n\n<hr class=\"wp-block-separator is-style-wide\"\/ data-block-type=\"core\">\n\n\n\n<p data-block-type=\"core\">&nbsp;<\/p>\n","protected":false},"excerpt":{"rendered":"<p>Ai fini di protezione civile, il rischio \u00e8 rappresentato dalla possibilit\u00e0 che un fenomeno naturale o indotto dalle attivit\u00e0 dell&#8217;uomo possa causare effetti dannosi sulla popolazione, gli insediamenti abitativi e produttivi e le infrastrutture, all&#8217;interno di una particolare area, in un determinato periodo di tempo.<\/p>\n","protected":false},"author":3,"featured_media":320,"parent":3163,"menu_order":0,"comment_status":"closed","ping_status":"closed","template":"page-nosidebar.php","meta":{"_EventAllDay":false,"_EventTimezone":"","_EventStartDate":"","_EventEndDate":"","_EventStartDateUTC":"","_EventEndDateUTC":"","_EventShowMap":false,"_EventShowMapLink":false,"_EventURL":"","_EventCost":"","_EventCostDescription":"","_EventCurrencySymbol":"","_EventCurrencyCode":"","_EventCurrencyPosition":"","_EventDateTimeSeparator":"","_EventTimeRangeSeparator":"","_EventOrganizerID":[],"_EventVenueID":0,"_OrganizerEmail":"","_OrganizerPhone":"","_OrganizerWebsite":"","_VenueAddress":"","_VenueCity":"","_VenueCountry":"","_VenueProvince":"","_VenueZip":"","_VenuePhone":"","_VenueURL":"","_VenueStateProvince":"","_VenueLat":"","_VenueLng":"","_price":"","_stock":"","_tribe_ticket_header":"","_tribe_default_ticket_provider":"","_tribe_ticket_capacity":"0","_ticket_start_date":"","_ticket_end_date":"","_tribe_ticket_show_description":"","_tribe_ticket_show_not_going":false,"_tribe_ticket_use_global_stock":"","_tribe_ticket_global_stock_level":"","_global_stock_mode":"","_global_stock_cap":"","_tribe_rsvp_for_event":"","_tribe_ticket_going_count":"","_tribe_ticket_not_going_count":"","_tribe_tickets_list":[],"_tribe_ticket_has_attendee_info_fields":false},"tags":[85,84,47,89,88,87,91,92,52,90,86],"featured_image_urls":{"full":["https:\/\/www.protezionecivilecalabria.it\/\/wp-content\/uploads\/9d6870890a00-13fb-be11-2d8a-30f27a29",408,408,false],"thumbnail":["https:\/\/www.protezionecivilecalabria.it\/\/wp-content\/uploads\/9d6870890a00-13fb-be11-2d8a-00edee49",150,150,true],"medium":["https:\/\/www.protezionecivilecalabria.it\/\/wp-content\/uploads\/9d6870890a00-13fb-be11-2d8a-4a389d39",300,300,true],"medium_large":["https:\/\/www.protezionecivilecalabria.it\/\/wp-content\/uploads\/9d6870890a00-13fb-be11-2d8a-30f27a29",408,408,false],"large":["https:\/\/www.protezionecivilecalabria.it\/\/wp-content\/uploads\/9d6870890a00-13fb-be11-2d8a-30f27a29",408,408,false],"1536x1536":["https:\/\/www.protezionecivilecalabria.it\/\/wp-content\/uploads\/9d6870890a00-13fb-be11-2d8a-30f27a29",408,408,false],"2048x2048":["https:\/\/www.protezionecivilecalabria.it\/\/wp-content\/uploads\/9d6870890a00-13fb-be11-2d8a-30f27a29",408,408,false],"post-thumbnails":["https:\/\/www.protezionecivilecalabria.it\/\/wp-content\/uploads\/9d6870890a00-13fb-be11-2d8a-30f27a29",408,408,false],"news-image":["https:\/\/www.protezionecivilecalabria.it\/\/wp-content\/uploads\/9d6870890a00-13fb-be11-2d8a-f3e42569",400,220,true],"gallery-preview":["https:\/\/www.protezionecivilecalabria.it\/\/wp-content\/uploads\/9d6870890a00-13fb-be11-2d8a-d206a679",80,80,true],"shareaholic-thumbnail":["https:\/\/www.protezionecivilecalabria.it\/\/wp-content\/uploads\/9d6870890a00-13fb-be11-2d8a-30f27a29",408,408,false],"tptn_thumbnail":["https:\/\/www.protezionecivilecalabria.it\/\/wp-content\/uploads\/9d6870890a00-13fb-be11-2d8a-30f27a29",60,60,false]},"post_excerpt_stackable":"<p>Ai fini di protezione civile, il rischio \u00e8 rappresentato dalla possibilit\u00e0 che un fenomeno naturale o indotto dalle attivit\u00e0 dell&#8217;uomo possa causare effetti dannosi sulla popolazione, gli insediamenti abitativi e produttivi e le infrastrutture, all&#8217;interno di una particolare area, in un determinato periodo di tempo. Rischio Sismico Rischio meteo-idrico Rischio sanitario Rischio maremoto Rischio incendi boschivi &nbsp; Rischio vulcanico \u00a0 Rischio ambientale \u00a0 &nbsp;<\/p>\n","category_list":"","author_info":{"name":"Protezione Civile Calabria","url":"https:\/\/www.protezionecivilecalabria.it\/?author=3"},"comments_num":"0 comments","ticketed":false,"_links":{"self":[{"href":"https:\/\/www.protezionecivilecalabria.it\/index.php?rest_route=\/wp\/v2\/pages\/662"}],"collection":[{"href":"https:\/\/www.protezionecivilecalabria.it\/index.php?rest_route=\/wp\/v2\/pages"}],"about":[{"href":"https:\/\/www.protezionecivilecalabria.it\/index.php?rest_route=\/wp\/v2\/types\/page"}],"author":[{"embeddable":true,"href":"https:\/\/www.protezionecivilecalabria.it\/index.php?rest_route=\/wp\/v2\/users\/3"}],"replies":[{"embeddable":true,"href":"https:\/\/www.protezionecivilecalabria.it\/index.php?rest_route=%2Fwp%2Fv2%2Fcomments&post=662"}],"version-history":[{"count":50,"href":"https:\/\/www.protezionecivilecalabria.it\/index.php?rest_route=\/wp\/v2\/pages\/662\/revisions"}],"predecessor-version":[{"id":3969,"href":"https:\/\/www.protezionecivilecalabria.it\/index.php?rest_route=\/wp\/v2\/pages\/662\/revisions\/3969"}],"up":[{"embeddable":true,"href":"https:\/\/www.protezionecivilecalabria.it\/index.php?rest_route=\/wp\/v2\/pages\/3163"}],"wp:featuredmedia":[{"embeddable":true,"href":"https:\/\/www.protezionecivilecalabria.it\/index.php?rest_route=\/wp\/v2\/media\/320"}],"wp:attachment":[{"href":"https:\/\/www.protezionecivilecalabria.it\/index.php?rest_route=%2Fwp%2Fv2%2Fmedia&parent=662"}],"wp:term":[{"taxonomy":"post_tag","embeddable":true,"href":"https:\/\/www.protezionecivilecalabria.it\/index.php?rest_route=%2Fwp%2Fv2%2Ftags&post=662"}],"curies":[{"name":"wp","href":"https:\/\/api.w.org\/{rel}","templated":true}]}}